= -3 - -6. Let b(z) = -2*z + z - 5*z - u + 5*z. Determine b(-4).
1
Let q(t) = -2*t - 1. Let o(x) = 3*x**2 - x + 1. Suppose 3*y + f - 2*f - 8 = 0, f + 9 = 4*y. Let d be o(y). Determine q(d).
-7
Let p(f) be the third derivative of -f**6/720 - f**5/40 + f**4/12 + 3*f**2. Let z(d) be the second derivative of p(d). Give z(4).
-7
Let g(d) = -1 + 37*d + 0 - 33*d - 1. Let x be g(-1). Let h(i) = i**2 + 7*i + 1. Calculate h(x).
-5
Let q be (-15)/25*5*-1. Let l(x) = -4*x**3 - 4*x**2 - 2*x - 6. Let s(f) = 11*f**3 + 12*f**2 + 6*f + 17. Let k(t) = q*s(t) + 8*l(t). Determine k(-4).
-5
Let p = 2 - 0. Suppose -4*g = 3*m - 20, -m + p = -g - 0. Let s(l) = -l**3 + 4*l**2 + 2*l - 3. Calculate s(m).
5
Let w(f) = f**3 - 2*f**2 + 1. Let c be w(1). Let y(k) = -7*k + 2. Let h(a) = a. Let s(i) = 6*h(i) + y(i). Give s(c).
2
Suppose -3*m - 2*m = -10. Let z(l) = -m + 0 - l + 2*l. What is z(0)?
-2
Let c(d) = -3*d - 2*d + 0*d + 1. Let t = -4 - -6. Suppose -t*k - k - i = -9, 5*i = 4*k + 7. Give c(k).
-9
Let g(n) = -n**2 + n + 1. Let w(y) = -y**3 - 6*y**2 - y - 4. Let o be w(-6). Suppose -2*a - 4 = o*a. Determine g(a).
-1
Let w(i) = -i**2 - 9*i - 4. Let d be w(-8). Let t(q) = -3*q - 6*q**2 + d*q - q. Give t(1).
-6
Let v(n) = n + 4. Let d be (-132)/(-20) - (-6)/(-10). Determine v(d).
10
Suppose -2*h - h - 15 = 0. Let o(c) be the third derivative of 2/3*c**3 + 2*c**2 + 0*c + 0 + 1/24*c**4. Give o(h).
-1
Let o(t) = -t + 7. Let j be o(5). Let m(a) = a**2 - 2*a. Let s be m(j). Let l(k) = k**2 + k. Determine l(s).
0
Let s(h) = h**3 - 6*h**2 + 6*h - 2. Let j = 4 + -4. Suppose 4*g - 20 = j, -2*g + 15 = -l + g. Let d(v) = -v**3 - v + 4. Let p be d(l). What is s(p)?
-10
Let m(u) = 3*u - 1. Let f = -3 - -6. Suppose 9 = f*p + 3. Give m(p).
5
Suppose 0 = -0*l + 3*l - 12. Suppose -t + 2*o + 5 = l*o, -4*t = 3*o - 15. Let i(a) = a**3 - 4*a**2 + 2*a + 3. Calculate i(t).
0
Suppose 0 = 3*q - 15, -g - 4*q = -3*g - 16. Suppose 3*n + 5 = g. Let p(v) = -v**2 - 1. Let x(l) = -2*l**2 + 2. Let d(o) = p(o) + x(o). Calculate d(n).
-2
Let l(s) = s**3 + 4*s**2 - 6*s - 5. Let g be (-25)/10 + 3/2. Let t be 0/g + 26 + -4. Suppose 2*y + 7 = -3*z, -5*y + 0*y - t = 3*z. Give l(y).
0
Let b = 7 + -8. Let k be 1*(b - (-2 + -1)). Let i(r) = -k*r + r + 4 + 0*r. What is i(4)?
0
Let w be (1 + 0 - 5) + 1. Let x be (w/(-2))/(1/2). Let q(y) = 3*y**x - y + 1 + y**2 - 2*y**2 + y**3. What is q(1)?
3
Suppose -3*r = 2*q - 2 - 8, q - 2*r = 5. Suppose q*f + 0*f = 25. Let y(z) = 0*z - 3*z + 4 + 2. Calculate y(f).
-9
Let y = -24 + 17. Let a(p) = p**2 + 5*p - 9. What is a(y)?
5
Let q(c) = c - 8. Suppose -3*t = -5*t + 28. Let w = 20 - t. What is q(w)?
-2
Suppose -14*r - 8 = -16*r. Let t(u) be the second derivative of 0 - 3/2*u**2 - 1/12*u**r - u + 2/3*u**3. Give t(2).
1
Let h(k) be the third derivative of 0 + 0*k - 7/6*k**3 + 1/24*k**4 + 4*k**2. Suppose -2*x = -1 - 5. Calculate h(x).
-4
Let a(p) be the first derivative of 0*p + 1 + 1/4*p**4 + p**2 + 2/3*p**3. Suppose 0*l + 5*l = -10. Determine a(l).
-4
Suppose g + 4*g = 25. Let l(t) = -1 - 4 - 5 + g - 4*t - t**3 + 5*t**2. Determine l(4).
-5
Let t(x) = x - 22. Suppose -40*q = -34*q - 90. What is t(q)?
-7
Suppose 0*m = 3*m - 87. Suppose 5*d + 4 = m. Let u(v) = -d*v**3 + 3*v**3 + 3*v**3 + 6 + 4*v**2 - 4*v. Determine u(-5).
1
Let u = 13 + -11. Let i(k) = -1 + 2*k - 5*k + 4*k + 4*k**u. Suppose -2 = n - 3*n. Give i(n).
4
Suppose -2*x = 4*t - 28, t + 2*x = 2*t - 2. Suppose -4*y + y = -t. Let j(b) = -3 + y - b + 6 - 1. What is j(5)?
-1
Let f(x) = x + 0*x**2 + 0*x - 2*x**2 + 5*x**2. What is f(-1)?
2
Let l(y) = -3*y**3 + y**2 + y + 1. Suppose 3*h - 7*h - 4 = 0. Determine l(h).
4
Let i(m) = 0*m - 2 + m**2 - 4*m + 3*m. Let n = 4 - 2. Suppose 8 = -2*a + n*h, -3*h + 7*h - 8 = 0. Give i(a).
4
Let q = 106 - 100. Let k(f) = -4*f - 2. Give k(q).
-26
Let u = -159 + 166. Let r(g) = -g**3 + 6*g**2 + 6*g + 4. What is r(u)?
-3
Let v(q) be the second derivative of -1/3*q**3 + 1/20*q**5 + 0*q**4 + 1/2*q**2 + 0 - 2*q. Let f = -10 + 12. Determine v(f).
5
Let b(m) be the second derivative of m**8/6720 + m**7/360 + m**6/120 - 7*m**5/120 - m**4/4 - 7*m. Let k(s) be the third derivative of b(s). What is k(-6)?
-7
Let x(v) = -4*v**2 - 5 - 2*v + 1 + v**2 + 1. Calculate x(-2).
-11
Let v(r) = -r**2 - 6*r - 1. Suppose -2*w - 12 = -3*p - 2*p, 2*w = -p - 12. Determine v(w).
-1
Let t = 12 - 11. Let q be 1*(0 - t)*0. Let k(n) = n - 3. What is k(q)?
-3
Let z(f) = f**2 - 5*f + 3. Let a be z(4). Let y be 4*(-1 + (1 - a)). Let n(g) = -g - 1. Calculate n(y).
-5
Let b(j) be the second derivative of -j**3/6 - j**2/2 + 6*j. Determine b(-5).
4
Suppose -p - 4*y + 24 = 2, -29 = -2*p - 5*y. Let o(x) = 3*x + 1. Give o(p).
7
Let t(m) = m**2 - 5*m - 3. Let j(b) = 2*b**2 + 4*b - 1. Suppose -2*f - 3 = -f. Let v be (-11)/3 + (-2)/f. Let k be j(v). What is t(k)?
-3
Suppose 3*s = -u + 6, 0*u = 3*s + 2*u - 3. Let a(b) = -b**3 + b**2 + 4*b - 2. Determine a(s).
-8
Let v(j) = -j**3 - j + 2. Let p be v(-2). Suppose -3*z = -4*d + 28, 0*z + p = z + 4*d. Let s(l) = -l**3 - 4*l**2 + 2*l + 1. What is s(z)?
-7
Let m be (0 - -8)/2 + 0. Let d = 5 - m. Let t(s) = -7*s**3 + 3*s**2 - s - 1. Let x(q) = -q**3 - q**2 + 1. Let w(c) = -t(c) - x(c). What is w(d)?
7
Let j(s) = -4*s**3 - 10*s**2 - 3*s - 6. Let w(o) = 5*o**3 + 11*o**2 + 4*o + 7. Let n(f) = 4*j(f) + 3*w(f). Determine n(-7).
-3
Let k(g) = 2*g**2 + 19*g + 16*g + 2 - 39*g. What is k(4)?
18
Let f(g) = 2*g + 2. Suppose 0 = b + 2, -b + 3 + 10 = -5*k. Determine f(k).
-4
Suppose -m = 4*m - 45. Let f = 7 - m. Let c be f/3 - 44/(-12). Let t(o) = o**2 - o. What is t(c)?
6
Let x(m) = m**3 + 4*m**2 - 4*m. Let o(g) = 3*g - 4*g**2 - g**3 + 2*g**3 - 2*g**3 + g. Let c(h) = 7*o(h) + 6*x(h). Determine c(-5).
5
Let a(r) = -3*r**3 - 9*r**2 - 5*r - 3. Let b(v) = 7*v**3 + 19*v**2 + 11*v + 7. Let h(p) = 9*a(p) + 4*b(p). Determine h(3).
-20
Let s(c) = c**2 + c - 13. Let p = 48 - 48. Give s(p).
-13
Let l be (2/(-4))/(2/4). Let j(p) be the third derivative of p**7/2520 - p**5/30 + 6*p**2. Let v(x) be the third derivative of j(x). Calculate v(l).
-2
Let l be ((-9)/(-6))/((-1)/4). Let c(a) = 2*a + 5. What is c(l)?
-7
Let r(l) = 3 - l**2 - 1 - 5 - 5*l - 2. What is r(-6)?
-11
Let x = 1 - -2. Let u be (0/x - -2)*10. Suppose 4*r = -0*r + u. Let h(f) = f**3 - 6*f**2 + 5*f + 5. Calculate h(r).
5
Let f(p) = -18 - 21 + 37 + 6*p. Calculate f(2).
10
Let q(i) = i**3 + 5*i**2 - 7*i. Let l = -38 - -32. Give q(l).
6
Suppose 3*i + 5 = -40. Let b be (-145)/i - (-2)/6. Let m(a) = -a**3 + 10*a**2 + a - 10. Let l be m(b). Let w(q) = q - 6. What is w(l)?
-6
Let v(l) be the third derivative of -l**5/60 + l**4/12 + l**3 + l**2 + 1. Give v(0).
6
Let p(w) = 2*w - 1. Suppose -2*x = 5*v - 35, -5*v + 4*x + 6 - 1 = 0. Let c(g) = -2 - 1 - 4*g + 1 + v. Let u(m) = 2*c(m) + 5*p(m). What is u(-3)?
-5
Let t(p) = -p**2 + 3*p - 1. Let h(b) = -13*b**2 - 2*b + 1. Let v(s) = -4*s**2 - s. Let k(y) = 2*h(y) - 7*v(y). Let i be k(-2). Give t(i).
-5
Let i(c) = c**2. Let r be 1 + 3/(6/8). Suppose -4*x = -4*k - k - 34, -3*x + 8 = r*k. Let y = -8 + x. Give i(y).
4
Let j(c) = 0 + 1 + 0 + 2*c. Let m be 3*1/(-6)*(-34)/17. Give j(m).
3
Suppose 3*n + 2 = 8. Suppose 4*v = -3*t - n*t + 4, v = -4. Let k(c) = -c - 3 + 3 - t + 3. Give k(5).
-6
Let u(n) be the first derivative of n**3/3 + 3*n**2/2 - n + 41. Give u(-3).
-1
Let w(z) = z**2 + z + 1. Let c(j) = -j**3 + 7*j**2 + 10*j + 2. Let o(t) = c(t) - 4*w(t). Let h(f) = -3*f - 6. Let u be h(-4). Let n = -2 + u. What is o(n)?
6
Let x(a) = -a**2 - a - 1. Suppose 2*g + 1 = g - k, g = 2*k + 11. What is x(g)?
-13
Suppose m = 3, -2*u + m + 5 = -32. Suppose -4*t = t - u. Let z(l) be the second derivative of l**5/20 - l**4/3 + l**3/2 - l**2 + l. What is z(t)?
10
Let g(c) = c**2 + c - 4. Let m be g(-3). Suppose 0*h + 3*q + 3 = m*h, -q = -3*h + 8. Let j(x) = -x**2 + 3*x + 1. Calculate j(h).
1
Let g be (-6)/(0 + 3) - -5. Let z(o) = -2*o + 2*o + 5*o + 2 - 4*o**2 + g*o**2. What is z(4)?
6
Suppose 5*s - 3*z - 1 = 0, 7*s - 4*s = -4*z + 18. Let d(g) be the second derivative of 5/2*g**s - 2*g + 0 - 1/6*g**3. Calculate d(-5).
10
Let y(t) = t**2 - 3 - 2*t - 2*t**3 + 4*t**2 + 3*t**3. Suppose -5*u = -15, -i - u = -6*i - 28. Give y(i).
7
Let a(h) be the second derivative of -h**5/60 + 2*h**3/3 + h**2/2 + 3*h. Let c(t) be the first derivative of a(t). W